0. What is the remainder when 22 is divided by c(m)?
6
Calculate the remainder when 54/(-90) + 303/5 is divided by 9.
6
Suppose -6*z - 592 = -2164. What is the remainder when 78 is divided by z/16 - 24/64?
14
Let y = 139 - 30. Suppose -44 = -304*r + 302*r. What is the remainder when y is divided by r?
21
Let g(c) = c**2 - 7*c + 93. Calculate the remainder when g(0) is divided by 12.
9
Let d(q) = -1 + 4 - 2 - 27*q + 2. Calculate the remainder when d(-3) is divided by 44.
40
Let b(k) = k**2 - 5*k + 4. What is the remainder when b(-12) is divided by 30?
28
Let o(w) = 4*w + 40. What is the remainder when o(9) is divided by 1?
0
Suppose -4*m = h - 45, 3*m + h = 39 - 4. Calculate the remainder when ((-18)/(-30))/(6/340) is divided by m.
4
Let h = 186 - 58. Suppose 9*t - h = 7*t. Calculate the remainder when t is divided by 17.
13
Let u(r) = -r**2 + 47*r - 310. What is the remainder when 477 is divided by u(10)?
57
Let q be 12*-2*(-3 + 0). Let o = q - 24. Suppose 3*m - 230 = -5*t, 4*t - 4*m - o - 104 = 0. Calculate the remainder when t is divided by 15.
13
Let i = -7 + 124. Let x(l) = 24*l**2 - 4*l - 4. What is the remainder when i is divided by x(-1)?
21
Suppose 6*h - 70 = 50. Let j = 118 + -78. Let z = j - 29. What is the remainder when h is divided by z?
9
Let i = 110 - 62. Suppose -6*z - 206 = -z + 3*d, z = -4*d - i. Let t = z - -70. Calculate the remainder when 57 is divided by t.
27
What is the remainder when 679 is divided by (-1 + 9)/(6080/(-340) + 18)?
67
Calculate the remainder when 151 + -10*(-10 + 11) is divided by 13.
11
Let s = -75 - -45. Let p be 14/105 + 6064/s. Calculate the remainder when p/(-3) - 14/(-21) is divided by 23.
22
Suppose -d - 53 = -5*u, 2*d + 5 = 4*u - 83. Let y = d + 3. Let q = 49 + y. What is the remainder when 27 is divided by q?
13
Suppose c + 0*c - 3 = 0. Suppose -c*p = -4*h + 284, 3*h = 5*p - p + 213. Calculate the remainder when h is divided by 12.
11
Let o(h) = h**2 - 2*h + 5. Let u be o(5). Let b = u - 8. What is the remainder when 35 is divided by b?
11
Suppose -7*i + 715 = -132. Suppose -o + i = 10*o. What is the remainder when 27 is divided by o?
5
Let o = -8 - -14. Suppose 4*m + 3*p - 107 = 0, -26 = -m - 7*p + 6*p. What is the remainder when m is divided by o?
5
Let t be (4 + -8 - -4) + (7 - 0). Let f(k) = -k**3 + 7*k**2 + 6*k - 34. What is the remainder when 13 is divided by f(t)?
5
Suppose -11*x - 195 = 113. Let d = -16 - x. What is the remainder when 82 is divided by d?
10
Let y(h) = -10*h + 10*h**2 - 9 - 21 + 11 - h**3. What is the remainder when y(8) is divided by 8?
5
Let p = 49 - 46. Suppose 2*y = -4*b + 86, p*b - 5*y + 6 = 2*b. What is the remainder when 72 + (12/3 - 1) is divided by b?
18
Let n = 753 + -458. Calculate the remainder when n is divided by 13.
9
Suppose 334*u - 339*u + 1050 = 0. Calculate the remainder when u is divided by 36.
30
Suppose 5*c = -z + 5, -z - 3 = -2*c + 3*c. Suppose -5*b - q - 59 = -194, 46 = 2*b + c*q. Let k = 20 + -5. What is the remainder when b is divided by k?
13
Let o = -799 - -856. Calculate the remainder when 226 is divided by o.
55
Suppose -3*b + b - 4*u + 24 = 0, 2*b = 5*u - 12. Let i be 8*(0 + -4 - -5). What is the remainder when (-3 - 1)/(i/(-36)) is divided by b?
2
Let x = -32 + -105. Let q = -60 - x. What is the remainder when q is divided by 20?
17
Suppose 5*y - y - 24 = 0. Suppose 4*d - 137 = 3*h, 2*h - 104 = -3*d + 3*h. What is the remainder when d is divided by y?
5
Let v be 96/(-56)*42/(-4). Suppose -c - 2*c = -v. Suppose -22 + 172 = c*f. What is the remainder when 49 is divided by f?
24
Suppose 2*o - 83 + 77 = 0. What is the remainder when 21 is divided by o?
0
Let a(g) = -10*g + 10*g + 11*g. Suppose 0*z + 2*z = 6. Calculate the remainder when a(1) is divided by z.
2
Suppose 5*q = 1 + 4. Let n(g) = 6*g**3 - 3*g + 2. Let y = -23 + 34. Calculate the remainder when y is divided by n(q).
1
Let r(b) = b**2 - 5*b - 2. Let s be r(5). Let m = 24 + s. Let q = -31 - -39. What is the remainder when m is divided by q?
6
Let m(a) = a**3 + a**2 + 2*a + 2. Let c be m(-2). What is the remainder when 47 is divided by c/(-15) + (-116)/(-10)?
11
Let l = -1478 + 1494. Calculate the remainder when 217 is divided by l.
9
Let f = -1136 + 1177. Calculate the remainder when 285 is divided by f.
39
Let v(p) = -p**3 - 4*p - 13. Let o be v(-5). Let j = o + -120. What is the remainder when 143 is divided by j?
11
Let t(j) = -j**3 - 4*j**2 - 4*j - 3. Let f be (1/(4/146))/((-2)/24). Calculate the remainder when t(-6) is divided by (-4)/18 + f/162*-6.
13
Let v(f) = 2*f + 24. Calculate the remainder when 1*-1 - (0 - 44) is divided by v(-5).
1
Let q = 511 - 457. Calculate the remainder when q is divided by 5.
4
Suppose -2*k + 0*z + 5*z + 57 = 0, z - 3 = 0. Let f = k + -30. What is the remainder when 9 is divided by f?
3
Let j be (139/3)/((-6)/(-54)). Let k = -246 + j. Suppose -k = -5*b + 3*a, 5*a + 10 = -0. Calculate the remainder when b is divided by 17.
16
Let u = 89 + 131. What is the remainder when u is divided by 23?
13
Let z(g) = 2*g**2 - 44*g - 130. Let i(x) = -x - 2. Calculate the remainder when z(-3) is divided by i(-6).
0
Suppose 672 = 3*r - 222. What is the remainder when r is divided by 43?
40
What is the remainder when (-1342)/(-5) + (-33)/(-55) is divided by 97?
75
Let n(j) = -j**3 - 9*j**2 - 10*j + 1. Let w(g) = -3*g**2 - 12*g - 8. Let f be w(-4). Calculate the remainder when 66 is divided by n(f).
15
Let y be 1/((-2)/11814 + 0). Calculate the remainder when y/(-88) + 1/(-8) is divided by 18.
13
Let a(l) = -l**2 + 9*l - 5. Let p be 90/25*40/(-6). Let b = p - -28. What is the remainder when a(3) is divided by b?
1
Suppose -o - 2*j = -7*j - 10, -20 = -4*j. Suppose -5*r + 35 = -o. Let h = -119 + 144. What is the remainder when h is divided by r?
11
Suppose -2*k + 9 = 2*h + h, h + 3*k = 3. Suppose 2*y - y - 130 = -3*r, -h*r - 5*y = -122. What is the remainder when r is divided by 15?
14
Suppose -4*v + 18 = 2*r, -2*r + 2*v = -4*r + 18. What is the remainder when 61 is divided by r?
7
Suppose 73 = s - 5*b, -313 = -3*s - 2*s - b. What is the remainder when s is divided by 5?
3
Let i = -82 - -34. Let n = i + 80. What is the remainder when n is divided by 7?
4
Suppose 3*x + 41 = o, 4*o + 4*x - 182 = 7*x. What is the remainder when o is divided by 24?
23
Let q = -267 + 286. What is the remainder when q is divided by 9?
1
Let b be 0/((-25)/(-5)) + 0/(-3). Let p = -186 - -331. Suppose w + b*d - d - 31 = 0, -5*w + 3*d = -p. Calculate the remainder when 102 is divided by w.
24
Let d(q) = q**3 + 24*q**2 - 26*q + 4. What is the remainder when d(-25) is divided by 21?
8
Suppose 24*b - 28*b = -92. Let z = 91 + -50. What is the remainder when z is divided by b?
18
Suppose -5*x = x + 36. Let a = x + 39. What is the remainder when a is divided by 9?
6
Let f(b) = -b**3 - 7*b**2 + 10*b + 1. Suppose -3*z = -1 + 25. Let x be f(z). Calculate the remainder when 32 is divided by -2*3*x/10.
5
Suppose 0 = 57*m - 56*m + 3. Calculate the remainder when m/4 - 2/(16/(-318)) is divided by 20.
19
Let v(b) = 48*b + b**3 + 0*b**2 - 2 + 4*b**2 - 51*b. Let m = -46 - -74. What is the remainder when m is divided by v(-4)?
8
Let i = 2511 + -2501. Suppose -17 - 151 = -4*l. Calculate the remainder when l is divided by i.
2
What is the remainder when (2107/(-98))/(2/(-12)) is divided by 26?
25
Let b(s) = 3*s**2 + 3*s + 6. What is the remainder when 25 is divided by b(-2)?
1
Let g = 16 + -21. Let r be (-8)/(-16) - g/2. What is the remainder when 13 is divided by 2/r*-3*-4?
5
Let m = 4 - 2. Suppose -m*i + f = -206, 0 = -i - 3*i + f + 416. What is the remainder when i is divided by 36?
33
Suppose 3*n = -5*b + 157, -n = -2*b - 1 + 55. Suppose -5*y - p + 399 = 3*p, 5*y + p - 411 = 0. What is the remainder when y is divided by b?
25
Let w(i) be the third derivative of 5*i**4/12 + 4*i**3/3 + i**2. Suppose 20 = 5*u - 3*v, 7*u - 2*u = 5*v + 10. What is the remainder when w(u) is divided by 20?
18
Let l(v) be the third derivative of v**3 + 0*v + 0 + 8*v**2 + 1/60*v**5 + 1/6*v**4. Calculate the remainder when l(-4) is divided by 4.
2
Suppose 203 = 5*b + 2*h, 0 = -3*h + 7*h - 16. What is the remainder when 388 is divided by b?
37
Let c be 35 + 8*1/(-2). Suppose -t + 9 = -c. Let n = 65 + -54. What is the remainder when t i